ulate the remainder when 360 is divided by 209.
151
Calculate the remainder when 14667 is divided by 2092.
23
What is the remainder when 13922 is divided by 6950?
22
What is the remainder when 40777 is divided by 300?
277
What is the remainder when 1510154 is divided by 223?
221
What is the remainder when 24707 is divided by 191?
68
Calculate the remainder when 2701322 is divided by 19.
16
Calculate the remainder when 981 is divided by 34.
29
What is the remainder when 24256 is divided by 504?
64
Calculate the remainder when 5982 is divided by 600.
582
What is the remainder when 1878 is divided by 70?
58
What is the remainder when 6797 is divided by 342?
299
What is the remainder when 7617084 is divided by 719?
717
Calculate the remainder when 7643 is divided by 3182.
1279
Calculate the remainder when 7038 is divided by 80.
78
Calculate the remainder when 63819 is divided by 25.
19
Calculate the remainder when 205010 is divided by 102500.
10
Calculate the remainder when 20957 is divided by 28.
13
What is the remainder when 11056 is divided by 28?
24
What is the remainder when 1823 is divided by 214?
111
What is the remainder when 189060 is divided by 628?
32
Calculate the remainder when 1712455 is divided by 1277.
1275
What is the remainder when 29102 is divided by 1531?
13
Calculate the remainder when 1026 is divided by 1014.
12
Calculate the remainder when 7783 is divided by 40.
23
Calculate the remainder when 97288 is divided by 465.
103
Calculate the remainder when 751692 is divided by 176.
172
What is the remainder when 7624 is divided by 158?
40
Calculate the remainder when 14362 is divided by 355.
162
Calculate the remainder when 3042 is divided by 92.
6
What is the remainder when 14604 is divided by 157?
3
Calculate the remainder when 198915 is divided by 255.
15
What is the remainder when 586 is divided by 177?
55
What is the remainder when 6256 is divided by 6213?
43
What is the remainder when 5636 is divided by 576?
452
Calculate the remainder when 5603 is divided by 2800.
3
What is the remainder when 1059 is divided by 86?
27
Calculate the remainder when 11312 is divided by 2822.
24
What is the remainder when 2217 is divided by 1537?
680
Calculate the remainder when 14771 is divided by 375.
146
Calculate the remainder when 73500 is divided by 9174.
108
Calculate the remainder when 1185 is divided by 91.
2
Calculate the remainder when 3158 is divided by 1038.
44
What is the remainder when 38480 is divided by 2?
0
What is the remainder when 14891 is divided by 201?
17
What is the remainder when 1143 is divided by 186?
27
Calculate the remainder when 28552 is divided by 9507.
31
Calculate the remainder when 2242 is divided by 120.
82
Calculate the remainder when 4257 is divided by 164.
157
What is the remainder when 21388 is divided by 10?
8
Calculate the remainder when 3026 is divided by 1373.
280
Calculate the remainder when 13345 is divided by 272.
17
What is the remainder when 250685 is divided by 224?
29
Calculate the remainder when 52994 is divided by 17633.
95
What is the remainder when 189909 is divided by 351?
18
Calculate the remainder when 2056 is divided by 1855.
201
What is the remainder when 23118 is divided by 1877?
594
Calculate the remainder when 2274 is divided by 20.
14
Calculate the remainder when 32519 is divided by 25.
19
What is the remainder when 32703 is divided by 155?
153
Calculate the remainder when 6411 is divided by 377.
2
What is the remainder when 2126887 is divided by 9?
7
What is the remainder when 30172 is divided by 85?
82
Calculate the remainder when 6536 is divided by 3265.
6
What is the remainder when 42975 is divided by 377?
374
What is the remainder when 19355 is divided by 807?
794
What is the remainder when 21354 is divided by 188?
110
What is the remainder when 397132 is divided by 112?
92
Calculate the remainder when 699 is divided by 79.
67
Calculate the remainder when 2460 is divided by 620.
600
What is the remainder when 1616714 is divided by 80?
74
Calculate the remainder when 254274 is divided by 309.
276
What is the remainder when 25560 is divided by 12777?
6
What is the remainder when 448305 is divided by 22?
11
Calculate the remainder when 122399 is divided by 4371.
11
What is the remainder when 2527913 is divided by 193?
192
Calculate the remainder when 125738 is divided by 41908.
14
What is the remainder when 5270 is divided by 725?
195
What is the remainder when 88754 is divided by 105?
29
What is the remainder when 17934 is divided by 309?
12
What is the remainder when 349414 is divided by 18?
16
Calculate the remainder when 5322 is divided by 7.
2
What is the remainder when 16679 is divided by 36?
11
Calculate the remainder when 793 is divided by 439.
354
What is the remainder when 8075 is divided by 138?
71
Calculate the remainder when 4879 is divided by 68.
51
Calculate the remainder when 2244 is divided by 746.
6
Calculate the remainder when 23542 is divided by 13.
12
What is the remainder when 53977 is divided by 7706?
35
What is the remainder when 18097 is divided by 110?
57
What is the remainder when 8623 is divided by 83?
74
What is the remainder when 9289 is divided by 2191?
525
Calculate the remainder when 66322 is divided by 1615.
107
What is the remainder when 93218 is divided by 46567?
84
Calculate the remainder when 1758 is divided by 88.
86
Calculate the remainder when 26026 is divided by 18.
16
Calculate the remainder when 60983 is divided by 60976.
7
What is the remainder when 1300 is divided by 101?
88
What is the remainder when 219925 is divided by 109957?
11
What is the remainder when 23404 is divided by 187?
29
What is the remainder when 1355 is divided by 277?
247
What is the remainder when 618615 is divided by 858?
855
What is the remainder when 573015 is divided by 23?
16
What is the remainder when 13197 is divided by 100?
97
What is the remainder when 1856 is divided by 830?
196
Calculate the remainder when 3808 is divided by 494.
350
What is the remainder when 154307 is divided by 313?
311
What is the remainder when 11553 is divided by 311?
46
Calculate the remainder when 43017 is divided by 16.
9
What is the remainder when 337582 is divided by 13?
11
Calculate the remainder when 239239 is divided by 550.
539
Calculate the remainder when 7213 is divided by 1159.
259
Calculate the remainder when 10717 is divided by 27.
25
Calculate the remainder when 1806 is divided by 337.
121
Calculate the remainder when 157889 is divided by 1104.
17
Calculate the remainder when 14994 is divided by 4993.
15
Calculate the remainder when 3898 is divided by 1170.
388
Calculate the remainder when 1491 is divided by 3.
0
What is the remainder when 1812 is divided by 20?
12
Calculate the remainder when 18181 is divided by 40.
21
What is the remainder when 163181 is divided by 54389?
14
What is the remainder when 10078 is divided by 2509?
42
What is the remainder when 2098 is divided by 59?
33
What is the remainder when 883 is divided by 130?
103
What is the remainder when 214128 is divided by 2612?
2556
Calculate the remainder when 1576931 is divided by 525641.
8
Calculate the remainder when 2351503 is divided by 4.
3
Calculate the remainder when 85047 is divided by 42523.
1
Calculate the remainder when 2604 is divided by 174.
168
Calculate the remainder when 110938 is divided by 42.
16
What is the remainder when 957 is divided by 60?
57
What is the remainder when 9856 is divided by 29?
25
Calculate the remainder when 3680 is divided by 241.
65
What is the remainder when 2852 is divided by 281?
42
Calculate the remainder when 1160 is divided by 643.
517
What is the remainder when 26040 is divided by 6509?
4
Calculate the remainder when 13324 is divided by 338.
142
What is the remainder when 181759 is divided by 878?
13
What is the remainder when 214278 is divided by 421?
410
Calculate the remainder when 7362 is divided by 189.
180
What is the remainder when 4452 is divided by 372?
360
Calculate the remainder when 2203 is divided by 221.
214
Calculate the remainder when 129004 is divided by 32251.
0
What is the remainder when 2149 is divided by 11?
4
Calculate the remainder when 276111 is divided by 40.
31
What is the remainder when 224270 is divided by 512?
14
What is t